{"id":9258,"date":"2025-08-29T09:30:14","date_gmt":"2025-08-29T12:30:14","guid":{"rendered":"https:\/\/jitsupedia.com\/?post_type=product&#038;p=9258"},"modified":"2025-08-29T09:35:17","modified_gmt":"2025-08-29T12:35:17","slug":"the-sport-of-kings-high-performance-mindset-for-grappling-by-gordon-ryan","status":"publish","type":"product","link":"https:\/\/jitsupedia.com\/index.php\/producto\/the-sport-of-kings-high-performance-mindset-for-grappling-by-gordon-ryan\/","title":{"rendered":"The Sport Of Kings: High Performance Mindset For Grappling By Gordon Ryan"},"content":{"rendered":"\t\t<div data-elementor-type=\"product-post\" data-elementor-id=\"9258\" class=\"elementor elementor-9258\" data-elementor-post-type=\"product\">\n\t\t\t\t<div class=\"elementor-element elementor-element-47602f4 e-flex e-con-boxed e-con e-parent\" data-id=\"47602f4\" data-element_type=\"container\" data-e-type=\"container\">\n\t\t\t\t\t<div class=\"e-con-inner\">\n\t\t\t\t<div class=\"elementor-element elementor-element-9caba1e e-n-tabs-mobile elementor-widget elementor-widget-n-tabs\" data-id=\"9caba1e\" data-element_type=\"widget\" data-e-type=\"widget\" data-settings=\"{&quot;horizontal_scroll&quot;:&quot;disable&quot;}\" data-widget_type=\"nested-tabs.default\">\n\t\t\t\t<div class=\"elementor-widget-container\">\n\t\t\t\t\t\t\t<div class=\"e-n-tabs\" data-widget-number=\"164280862\" aria-label=\"Pesta\u00f1as. Abre elementos con Intro o Espacio, ci\u00e9rralos con Escape y navega con las fechas.\">\n\t\t\t<div class=\"e-n-tabs-heading\" role=\"tablist\">\n\t\t\t\t\t<button id=\"e-n-tab-title-1642808621\" data-tab-title-id=\"e-n-tab-title-1642808621\" class=\"e-n-tab-title\" aria-selected=\"true\" data-tab-index=\"1\" role=\"tab\" tabindex=\"0\" aria-controls=\"e-n-tab-content-1642808621\" style=\"--n-tabs-title-order: 1;\">\n\t\t\t\t\t\t<span class=\"e-n-tab-title-text\">\n\t\t\t\tDVD 1\t\t\t<\/span>\n\t\t<\/button>\n\t\t\t\t<button id=\"e-n-tab-title-1642808622\" data-tab-title-id=\"e-n-tab-title-1642808622\" class=\"e-n-tab-title\" aria-selected=\"false\" data-tab-index=\"2\" role=\"tab\" tabindex=\"-1\" aria-controls=\"e-n-tab-content-1642808622\" style=\"--n-tabs-title-order: 2;\">\n\t\t\t\t\t\t<span class=\"e-n-tab-title-text\">\n\t\t\t\tDVD 2\t\t\t<\/span>\n\t\t<\/button>\n\t\t\t\t<button id=\"e-n-tab-title-1642808623\" data-tab-title-id=\"e-n-tab-title-1642808623\" class=\"e-n-tab-title\" aria-selected=\"false\" data-tab-index=\"3\" role=\"tab\" tabindex=\"-1\" aria-controls=\"e-n-tab-content-1642808623\" style=\"--n-tabs-title-order: 3;\">\n\t\t\t\t\t\t<span class=\"e-n-tab-title-text\">\n\t\t\t\tDVD 3\t\t\t<\/span>\n\t\t<\/button>\n\t\t\t\t<button id=\"e-n-tab-title-1642808624\" data-tab-title-id=\"e-n-tab-title-1642808624\" class=\"e-n-tab-title\" aria-selected=\"false\" data-tab-index=\"4\" role=\"tab\" tabindex=\"-1\" aria-controls=\"e-n-tab-content-1642808624\" style=\"--n-tabs-title-order: 4;\">\n\t\t\t\t\t\t<span class=\"e-n-tab-title-text\">\n\t\t\t\tDVD 4\t\t\t<\/span>\n\t\t<\/button>\n\t\t\t\t\t<\/div>\n\t\t\t<div class=\"e-n-tabs-content\">\n\t\t\t\t<div id=\"e-n-tab-content-1642808621\" role=\"tabpanel\" aria-labelledby=\"e-n-tab-title-1642808621\" data-tab-index=\"1\" style=\"--n-tabs-title-order: 1;\" class=\"e-active elementor-element elementor-element-64fa617 e-con-full e-flex e-con e-child\" data-id=\"64fa617\" data-element_type=\"container\" data-e-type=\"container\">\n\t\t\t\t<div class=\"elementor-element elementor-element-0be0218 elementor-widget elementor-widget-text-editor\" data-id=\"0be0218\" data-element_type=\"widget\" data-e-type=\"widget\" data-widget_type=\"text-editor.default\">\n\t\t\t\t<div class=\"elementor-widget-container\">\n\t\t\t\t\t\t\t\t\t<table><tbody><tr><td><span dir=\"auto\">Cap\u00edtulo 1 &#8211; Introducci\u00f3n<\/span><\/td><td><span dir=\"auto\">0:00 &#8211; 02:17<\/span><\/td><\/tr><tr><td><span dir=\"auto\">Cap\u00edtulo 2 &#8211; Programa de entrenamiento<\/span><\/td><td><span dir=\"auto\">02:17 &#8211; 08:13<\/span><\/td><\/tr><tr><td><span dir=\"auto\">Cap\u00edtulo 3 &#8211; Metas a corto plazo versus metas a largo plazo (Capacitaci\u00f3n)<\/span><\/td><td><span dir=\"auto\">08:13 &#8211; 11:04<\/span><\/td><\/tr><tr><td><span dir=\"auto\">Cap\u00edtulo 4 &#8211; Metas a corto plazo versus metas a largo plazo (Competencia)<\/span><\/td><td><span dir=\"auto\">11:04 &#8211; 13:55<\/span><\/td><\/tr><tr><td><span dir=\"auto\">Cap\u00edtulo 5 &#8211; Exceso de confianza versus falta de confianza<\/span><\/td><td><span dir=\"auto\">13:55 &#8211; 19:08<\/span><\/td><\/tr><tr><td><span dir=\"auto\">Cap\u00edtulo 6 &#8211; El origen de la confianza suprema<\/span><\/td><td><span dir=\"auto\">19:08 &#8211; 25:28<\/span><\/td><\/tr><tr><td><span dir=\"auto\">Cap\u00edtulo 7 &#8211; Siempre dando un paso m\u00e1s<\/span><\/td><td><span dir=\"auto\">25:28 &#8211; 29:05<\/span><\/td><\/tr><tr><td><span dir=\"auto\">Cap\u00edtulo 8 &#8211; El tiempo siempre es el factor X<\/span><\/td><td><span dir=\"auto\">29:05 &#8211; 33:59<\/span><\/td><\/tr><tr><td><span dir=\"auto\">Cap\u00edtulo 9 &#8211; Trabajo duro &#8211; F\u00edsico y mental<\/span><\/td><td><span dir=\"auto\">33:59 &#8211; 40:28<\/span><\/td><\/tr><tr><td><span dir=\"auto\">Cap\u00edtulo 10 &#8211; Avance competitivo<\/span><\/td><td><span dir=\"auto\">40:28 &#8211; 46:27<\/span><\/td><\/tr><tr><td><span dir=\"auto\">Cap\u00edtulo 11 &#8211; Preparaci\u00f3n y entrenamiento mental: \u00bfQu\u00e9 academia elegir? (Aficionados)<\/span><\/td><td><span dir=\"auto\">46:27 &#8211; 49:55<\/span><\/td><\/tr><tr><td><span dir=\"auto\">Cap\u00edtulo 12 \u2013 \u00bfQu\u00e9 academia elegir? (Competidores)<\/span><\/td><td><span dir=\"auto\">49:55 &#8211; 53:42<\/span><\/td><\/tr><tr><td><span dir=\"auto\">Cap\u00edtulo 13 &#8211; Elecci\u00f3n de compa\u00f1eros de entrenamiento (aficionados)<\/span><\/td><td><span dir=\"auto\">53:42 &#8211; 57:09<\/span><\/td><\/tr><tr><td><span dir=\"auto\">Cap\u00edtulo 14 &#8211; Elecci\u00f3n de sus compa\u00f1eros de entrenamiento (competidores)<\/span><\/td><td><span dir=\"auto\">57:09 +<\/span><\/td><\/tr><\/tbody><\/table>\t\t\t\t\t\t\t\t<\/div>\n\t\t\t\t<\/div>\n\t\t\t\t<\/div>\n\t\t<div id=\"e-n-tab-content-1642808622\" role=\"tabpanel\" aria-labelledby=\"e-n-tab-title-1642808622\" data-tab-index=\"2\" style=\"--n-tabs-title-order: 2;\" class=\" elementor-element elementor-element-023c425 e-con-full e-flex e-con e-child\" data-id=\"023c425\" data-element_type=\"container\" data-e-type=\"container\">\n\t\t\t\t<div class=\"elementor-element elementor-element-e006e53 elementor-widget elementor-widget-text-editor\" data-id=\"e006e53\" data-element_type=\"widget\" data-e-type=\"widget\" data-widget_type=\"text-editor.default\">\n\t\t\t\t<div class=\"elementor-widget-container\">\n\t\t\t\t\t\t\t\t\t<table><tbody><tr><td><span dir=\"auto\">Cap\u00edtulo 1 &#8211; C\u00f3mo afrontar las derrotas en los entrenamientos (para aficionados)<\/span><\/td><td><span dir=\"auto\">0:00 &#8211; 03:12<\/span><\/td><\/tr><tr><td><span dir=\"auto\">Cap\u00edtulo 2 &#8211; C\u00f3mo afrontar las derrotas en los entrenamientos (competidores)<\/span><\/td><td><span dir=\"auto\">03:12 &#8211; 08:20<\/span><\/td><\/tr><tr><td><span dir=\"auto\">Cap\u00edtulo 3 &#8211; Ponerse en situaciones dif\u00edciles<\/span><\/td><td><span dir=\"auto\">08:20 &#8211; 13:29<\/span><\/td><\/tr><tr><td><span dir=\"auto\">Cap\u00edtulo 4 &#8211; Entrenamiento con cinturones inferiores<\/span><\/td><td><span dir=\"auto\">13:29 &#8211; 18:53<\/span><\/td><\/tr><tr><td><span dir=\"auto\">Cap\u00edtulo 5 &#8211; Desarrollo de un plan de juego para la competici\u00f3n<\/span><\/td><td><span dir=\"auto\">18:53 &#8211; 31:26<\/span><\/td><\/tr><tr><td><span dir=\"auto\">Cap\u00edtulo 6 &#8211; Entrenamiento complementario fuera del tatami<\/span><\/td><td><span dir=\"auto\">31:26 +<\/span><\/td><\/tr><\/tbody><\/table>\t\t\t\t\t\t\t\t<\/div>\n\t\t\t\t<\/div>\n\t\t\t\t<\/div>\n\t\t<div id=\"e-n-tab-content-1642808623\" role=\"tabpanel\" aria-labelledby=\"e-n-tab-title-1642808623\" data-tab-index=\"3\" style=\"--n-tabs-title-order: 3;\" class=\" elementor-element elementor-element-6356ab0 e-con-full e-flex e-con e-child\" data-id=\"6356ab0\" data-element_type=\"container\" data-e-type=\"container\">\n\t\t\t\t<div class=\"elementor-element elementor-element-392292b elementor-widget elementor-widget-text-editor\" data-id=\"392292b\" data-element_type=\"widget\" data-e-type=\"widget\" data-widget_type=\"text-editor.default\">\n\t\t\t\t<div class=\"elementor-widget-container\">\n\t\t\t\t\t\t\t\t\t<table><tbody><tr><td><span dir=\"auto\">Cap\u00edtulo 1 &#8211; Financiamiento del estilo de vida atl\u00e9tico<\/span><\/td><td><span dir=\"auto\">0:00 &#8211; 09:40<\/span><\/td><\/tr><tr><td><span dir=\"auto\">Cap\u00edtulo 2 &#8211; Perforar versus no perforar<\/span><\/td><td><span dir=\"auto\">09:40 &#8211; 12:18<\/span><\/td><\/tr><tr><td><span dir=\"auto\">Cap\u00edtulo 3 &#8211; \u00bfDeber\u00edas acudir a un psic\u00f3logo deportivo?<\/span><\/td><td><span dir=\"auto\">12:18 &#8211; 14:42<\/span><\/td><\/tr><tr><td><span dir=\"auto\">Cap\u00edtulo 4 &#8211; Gesti\u00f3n de la ansiedad competitiva<\/span><\/td><td><span dir=\"auto\">14:42 &#8211; 23:51<\/span><\/td><\/tr><tr><td><span dir=\"auto\">Cap\u00edtulo 5 &#8211; Mentalidad a un mes de distancia<\/span><\/td><td><span dir=\"auto\">23:51 &#8211; 25:23<\/span><\/td><\/tr><tr><td><span dir=\"auto\">Cap\u00edtulo 6 &#8211; Mentalidad a una semana de distancia<\/span><\/td><td><span dir=\"auto\">25:23 &#8211; 28:21<\/span><\/td><\/tr><tr><td><span dir=\"auto\">Cap\u00edtulo 7 &#8211; D\u00eda de la Competici\u00f3n de Mentalidad<\/span><\/td><td><span dir=\"auto\">28:21 &#8211; 34:35<\/span><\/td><\/tr><tr><td><span dir=\"auto\">Cap\u00edtulo 8 &#8211; Estudio de cintas<\/span><\/td><td><span dir=\"auto\">34:35 &#8211; 37:43<\/span><\/td><\/tr><tr><td><span dir=\"auto\">Cap\u00edtulo 9 &#8211; Calentamientos y primer partido<\/span><\/td><td><span dir=\"auto\">37:43 +<\/span><\/td><\/tr><\/tbody><\/table>\t\t\t\t\t\t\t\t<\/div>\n\t\t\t\t<\/div>\n\t\t\t\t<\/div>\n\t\t<div id=\"e-n-tab-content-1642808624\" role=\"tabpanel\" aria-labelledby=\"e-n-tab-title-1642808624\" data-tab-index=\"4\" style=\"--n-tabs-title-order: 4;\" class=\" elementor-element elementor-element-a53e02f e-con-full e-flex e-con e-child\" data-id=\"a53e02f\" data-element_type=\"container\" data-e-type=\"container\">\n\t\t\t\t<div class=\"elementor-element elementor-element-b29cc02 elementor-widget elementor-widget-text-editor\" data-id=\"b29cc02\" data-element_type=\"widget\" data-e-type=\"widget\" data-widget_type=\"text-editor.default\">\n\t\t\t\t<div class=\"elementor-widget-container\">\n\t\t\t\t\t\t\t\t\t<table><tbody><tr><td><span dir=\"auto\">Cap\u00edtulo 1 &#8211; \u00abO ganas o aprendes\u00bb<\/span><\/td><td><span dir=\"auto\">0:00 &#8211; 04:02<\/span><\/td><\/tr><tr><td><span dir=\"auto\">Cap\u00edtulo 2 &#8211; C\u00f3mo afrontar las p\u00e9rdidas<\/span><\/td><td><span dir=\"auto\">04:02 &#8211; 17:00<\/span><\/td><\/tr><tr><td><span dir=\"auto\">Cap\u00edtulo 3 &#8211; C\u00f3mo afrontar las lesiones<\/span><\/td><td><span dir=\"auto\">17:00 &#8211; 25:24<\/span><\/td><\/tr><tr><td><span dir=\"auto\">Cap\u00edtulo 4 &#8211; Mantener la disciplina<\/span><\/td><td><span dir=\"auto\">25:24 &#8211; 33:50<\/span><\/td><\/tr><tr><td><span dir=\"auto\">Cap\u00edtulo 5 &#8211; C\u00f3mo afrontar las adversidades fuera del tatami<\/span><\/td><td><span dir=\"auto\">33:50 &#8211; 38:22<\/span><\/td><\/tr><tr><td><span dir=\"auto\">Cap\u00edtulo 6 &#8211; Construyendo una rutina<\/span><\/td><td><span dir=\"auto\">38:22 &#8211; 45:16<\/span><\/td><\/tr><tr><td><span dir=\"auto\">Cap\u00edtulo 7 &#8211; Palabras de cierre<\/span><\/td><td><span dir=\"auto\">45:16 +<\/span><\/td><\/tr><\/tbody><\/table>\t\t\t\t\t\t\t\t<\/div>\n\t\t\t\t<\/div>\n\t\t\t\t<\/div>\n\t\t\t\t\t<\/div>\n\t\t<\/div>\n\t\t\t\t\t\t<\/div>\n\t\t\t\t<\/div>\n\t\t\t\t\t<\/div>\n\t\t\t\t<\/div>\n\t\t\t\t<\/div>\n\t\t","protected":false},"excerpt":{"rendered":"<p>DVD 1 DVD 2 DVD 3 DVD 4 Cap\u00edtulo 1 &#8211; Introducci\u00f3n 0:00 &#8211; 02:17 Cap\u00edtulo 2 &#8211; Programa de [&hellip;]<\/p>\n","protected":false},"featured_media":9259,"template":"","meta":[],"product_brand":[],"product_cat":[80],"product_tag":[],"class_list":{"0":"post-9258","1":"product","2":"type-product","3":"status-publish","4":"has-post-thumbnail","6":"product_cat-gordon-ryan","8":"entry","9":"has-media","11":"first","12":"instock","13":"shipping-taxable","14":"product-type-external","15":"col","16":"span_1_of_3","17":"owp-content-center","18":"owp-thumbs-layout-horizontal","19":"owp-btn-normal","20":"owp-tabs-layout-horizontal","21":"has-no-thumbnails"},"_links":{"self":[{"href":"https:\/\/jitsupedia.com\/index.php\/wp-json\/wp\/v2\/product\/9258","targetHints":{"allow":["GET"]}}],"collection":[{"href":"https:\/\/jitsupedia.com\/index.php\/wp-json\/wp\/v2\/product"}],"about":[{"href":"https:\/\/jitsupedia.com\/index.php\/wp-json\/wp\/v2\/types\/product"}],"version-history":[{"count":4,"href":"https:\/\/jitsupedia.com\/index.php\/wp-json\/wp\/v2\/product\/9258\/revisions"}],"predecessor-version":[{"id":9263,"href":"https:\/\/jitsupedia.com\/index.php\/wp-json\/wp\/v2\/product\/9258\/revisions\/9263"}],"wp:featuredmedia":[{"embeddable":true,"href":"https:\/\/jitsupedia.com\/index.php\/wp-json\/wp\/v2\/media\/9259"}],"wp:attachment":[{"href":"https:\/\/jitsupedia.com\/index.php\/wp-json\/wp\/v2\/media?parent=9258"}],"wp:term":[{"taxonomy":"product_brand","embeddable":true,"href":"https:\/\/jitsupedia.com\/index.php\/wp-json\/wp\/v2\/product_brand?post=9258"},{"taxonomy":"product_cat","embeddable":true,"href":"https:\/\/jitsupedia.com\/index.php\/wp-json\/wp\/v2\/product_cat?post=9258"},{"taxonomy":"product_tag","embeddable":true,"href":"https:\/\/jitsupedia.com\/index.php\/wp-json\/wp\/v2\/product_tag?post=9258"}],"curies":[{"name":"wp","href":"https:\/\/api.w.org\/{rel}","templated":true}]}}