{"id":9186,"date":"2025-08-26T10:41:07","date_gmt":"2025-08-26T13:41:07","guid":{"rendered":"https:\/\/jitsupedia.com\/?post_type=product&#038;p=9186"},"modified":"2025-08-26T10:43:17","modified_gmt":"2025-08-26T13:43:17","slug":"x-guard-masterclass-tainan-dalpra","status":"publish","type":"product","link":"https:\/\/jitsupedia.com\/index.php\/producto\/x-guard-masterclass-tainan-dalpra\/","title":{"rendered":"X GUARD MASTERCLASS TAINAN DALPRA"},"content":{"rendered":"\t\t<div data-elementor-type=\"product-post\" data-elementor-id=\"9186\" class=\"elementor elementor-9186\" data-elementor-post-type=\"product\">\n\t\t\t\t<div class=\"elementor-element elementor-element-065d140 e-flex e-con-boxed e-con e-parent\" data-id=\"065d140\" data-element_type=\"container\" data-e-type=\"container\">\n\t\t\t\t\t<div class=\"e-con-inner\">\n\t\t\t\t<div class=\"elementor-element elementor-element-1e4f164 elementor-widget elementor-widget-text-editor\" data-id=\"1e4f164\" data-element_type=\"widget\" data-e-type=\"widget\" data-widget_type=\"text-editor.default\">\n\t\t\t\t<div class=\"elementor-widget-container\">\n\t\t\t\t\t\t\t\t\t<p><strong><span dir=\"auto\">EL SISTEMA DE CLASE MAGISTRAL X GUARD DE TAINAN DALPRA<\/span><\/strong><span dir=\"auto\">\u00a0ES UNA SERIE INSTRUCTIVA DE DOS PARTES QUE OFRECE UNA MIRADA EN PROFUNDIDAD A UNA DE LAS POSICIONES M\u00c1S EFECTIVAS Y VERS\u00c1TILES EN JIU JITSU.<\/span><\/p><p><span dir=\"auto\">CON M\u00c1S DE 10 HORAS DE INSTRUCCI\u00d3N DE PRIMER NIVEL EN AMBAS SERIES, ESTE SISTEMA COMBINA T\u00c9CNICA, CONCEPTOS, COMBATE EN VIVO Y CONOCIMIENTOS PERSONALES DEL TRES VECES CAMPE\u00d3N MUNDIAL TAINAN DALPRA.<\/span><\/p><p>\u00a0<\/p><p>\u00a0<\/p><p><span dir=\"auto\">EL PRIMER INSTRUCTIVO ON DEMAND DEL TRES VECES CAMPE\u00d3N MUNDIAL TAINAN DALPRA OFRECE M\u00c1S DE CINCO HORAS DE CONTENIDO ORGANIZADO EN LOS SIGUIENTES 8 COMPONENTES: DESCRIPCI\u00d3N GENERAL, ENTRADAS, CONTROL, BARRIDOS, TOMAS TRASERAS, ENV\u00cdOS, AN\u00c1LISIS DE LA COMPETENCIA Y SECUENCIAS DE SPARRING.<\/span><\/p><p><strong><span dir=\"auto\">QU\u00c9 INCLUYE:<\/span><\/strong><br \/><span dir=\"auto\">&#8211; M\u00c1S DE 5 HORAS DE CONTENIDO EXCLUSIVO<\/span><br \/><span dir=\"auto\">&#8211; 49 VIDEOS ORGANIZADOS EN 8 COMPONENTES<\/span><br \/><span dir=\"auto\">&#8211; ACCESO DETR\u00c1S DE ESCENA A LA INFANCIA DE TAINAN<\/span><\/p><p>\u00a0<\/p><p>\u00a0<\/p><p>\u00a0<\/p><p><span dir=\"auto\">X GUARD 2.0, LA SEGUNDA ENTREGA DEL SISTEMA X GUARD DE TAINAN, AMPL\u00cdA LA BASE CON DETALLES ACTUALIZADOS, INTRODUCE NUEVAS POSICIONES Y EXPLORA VARIACIONES Y AJUSTES.\u00a0<\/span><br \/><br \/><span dir=\"auto\">LAS POSICIONES Y TEMAS DE LA SERIE INCLUYEN: DESDE LA GUARDIA ABIERTA CON LA MANGA CRUZADA, EL CONTROL 2X1, EL REVERSO DE LA RIVA, LA INCORPORACI\u00d3N DEL ARRASTRE DE PIERNAS, EL FINAL CON EL BARRIDO DE CAMARERO Y M\u00c1S.<\/span><\/p><p><span dir=\"auto\">EN ESTA SERIE, TAINAN SE INSPIRA EN EL ARRASTRE DE PIERNAS DE RAFAEL MENDES Y SE CENTRA MUCHO EN INCORPORAR LA T\u00c9CNICA Y LA POSICI\u00d3N DEL ARRASTRE DE PIERNAS EN SU SISTEMA X GUARD.<\/span><\/p><p><strong><span dir=\"auto\">QU\u00c9 INCLUYE:<\/span><\/strong><br \/><span dir=\"auto\">&#8211; M\u00c1S DE 5 HORAS DE CONTENIDO<\/span><br \/><span dir=\"auto\">&#8211; 19 VIDEOS INSTRUCTIVOS<\/span><br \/><span dir=\"auto\">&#8211; T\u00c9CNICAS Y CONCEPTOS ADICIONALES<\/span><\/p>\t\t\t\t\t\t\t\t<\/div>\n\t\t\t\t<\/div>\n\t\t\t\t\t<\/div>\n\t\t\t\t<\/div>\n\t\t\t\t<\/div>\n\t\t","protected":false},"excerpt":{"rendered":"<p>EL SISTEMA DE CLASE MAGISTRAL X GUARD DE TAINAN DALPRA\u00a0ES UNA SERIE INSTRUCTIVA DE DOS PARTES QUE OFRECE UNA MIRADA [&hellip;]<\/p>\n","protected":false},"featured_media":9187,"template":"","meta":[],"product_brand":[],"product_cat":[75],"product_tag":[],"class_list":{"0":"post-9186","1":"product","2":"type-product","3":"status-publish","4":"has-post-thumbnail","6":"product_cat-tainan-dalpra","8":"entry","9":"has-media","11":"first","12":"instock","13":"shipping-taxable","14":"product-type-external","15":"col","16":"span_1_of_3","17":"owp-content-center","18":"owp-thumbs-layout-horizontal","19":"owp-btn-normal","20":"owp-tabs-layout-horizontal","21":"has-no-thumbnails"},"_links":{"self":[{"href":"https:\/\/jitsupedia.com\/index.php\/wp-json\/wp\/v2\/product\/9186","targetHints":{"allow":["GET"]}}],"collection":[{"href":"https:\/\/jitsupedia.com\/index.php\/wp-json\/wp\/v2\/product"}],"about":[{"href":"https:\/\/jitsupedia.com\/index.php\/wp-json\/wp\/v2\/types\/product"}],"version-history":[{"count":4,"href":"https:\/\/jitsupedia.com\/index.php\/wp-json\/wp\/v2\/product\/9186\/revisions"}],"predecessor-version":[{"id":9191,"href":"https:\/\/jitsupedia.com\/index.php\/wp-json\/wp\/v2\/product\/9186\/revisions\/9191"}],"wp:featuredmedia":[{"embeddable":true,"href":"https:\/\/jitsupedia.com\/index.php\/wp-json\/wp\/v2\/media\/9187"}],"wp:attachment":[{"href":"https:\/\/jitsupedia.com\/index.php\/wp-json\/wp\/v2\/media?parent=9186"}],"wp:term":[{"taxonomy":"product_brand","embeddable":true,"href":"https:\/\/jitsupedia.com\/index.php\/wp-json\/wp\/v2\/product_brand?post=9186"},{"taxonomy":"product_cat","embeddable":true,"href":"https:\/\/jitsupedia.com\/index.php\/wp-json\/wp\/v2\/product_cat?post=9186"},{"taxonomy":"product_tag","embeddable":true,"href":"https:\/\/jitsupedia.com\/index.php\/wp-json\/wp\/v2\/product_tag?post=9186"}],"curies":[{"name":"wp","href":"https:\/\/api.w.org\/{rel}","templated":true}]}}