{"id":10171,"date":"2025-11-10T10:08:27","date_gmt":"2025-11-10T13:08:27","guid":{"rendered":"https:\/\/jitsupedia.com\/?post_type=product&#038;p=10171"},"modified":"2025-11-10T10:33:04","modified_gmt":"2025-11-10T13:33:04","slug":"go-further-faster-gi-fundamentals-guard-retention-by-john-danaher","status":"publish","type":"product","link":"https:\/\/jitsupedia.com\/index.php\/producto\/go-further-faster-gi-fundamentals-guard-retention-by-john-danaher\/","title":{"rendered":"Go Further Faster Gi Fundamentals Guard Retention by John Danaher"},"content":{"rendered":"\t\t<div data-elementor-type=\"product-post\" data-elementor-id=\"10171\" class=\"elementor elementor-10171\" data-elementor-post-type=\"product\">\n\t\t\t\t<div class=\"elementor-element elementor-element-efd66b6 e-flex e-con-boxed e-con e-parent\" data-id=\"efd66b6\" data-element_type=\"container\" data-e-type=\"container\">\n\t\t\t\t\t<div class=\"e-con-inner\">\n\t\t\t\t<div class=\"elementor-element elementor-element-af83110 e-n-tabs-mobile elementor-widget elementor-widget-n-tabs\" data-id=\"af83110\" data-element_type=\"widget\" data-e-type=\"widget\" data-settings=\"{&quot;horizontal_scroll&quot;:&quot;disable&quot;}\" data-widget_type=\"nested-tabs.default\">\n\t\t\t\t<div class=\"elementor-widget-container\">\n\t\t\t\t\t\t\t<div class=\"e-n-tabs\" data-widget-number=\"184037648\" aria-label=\"Pesta\u00f1as. Abre elementos con Intro o Espacio, ci\u00e9rralos con Escape y navega con las fechas.\">\n\t\t\t<div class=\"e-n-tabs-heading\" role=\"tablist\">\n\t\t\t\t\t<button id=\"e-n-tab-title-1840376481\" data-tab-title-id=\"e-n-tab-title-1840376481\" class=\"e-n-tab-title\" aria-selected=\"true\" data-tab-index=\"1\" role=\"tab\" tabindex=\"0\" aria-controls=\"e-n-tab-content-1840376481\" style=\"--n-tabs-title-order: 1;\">\n\t\t\t\t\t\t<span class=\"e-n-tab-title-text\">\n\t\t\t\tDVD 1\t\t\t<\/span>\n\t\t<\/button>\n\t\t\t\t<button id=\"e-n-tab-title-1840376482\" data-tab-title-id=\"e-n-tab-title-1840376482\" class=\"e-n-tab-title\" aria-selected=\"false\" data-tab-index=\"2\" role=\"tab\" tabindex=\"-1\" aria-controls=\"e-n-tab-content-1840376482\" style=\"--n-tabs-title-order: 2;\">\n\t\t\t\t\t\t<span class=\"e-n-tab-title-text\">\n\t\t\t\tDVD 2\t\t\t<\/span>\n\t\t<\/button>\n\t\t\t\t<button id=\"e-n-tab-title-1840376483\" data-tab-title-id=\"e-n-tab-title-1840376483\" class=\"e-n-tab-title\" aria-selected=\"false\" data-tab-index=\"3\" role=\"tab\" tabindex=\"-1\" aria-controls=\"e-n-tab-content-1840376483\" style=\"--n-tabs-title-order: 3;\">\n\t\t\t\t\t\t<span class=\"e-n-tab-title-text\">\n\t\t\t\tDVD 3\t\t\t<\/span>\n\t\t<\/button>\n\t\t\t\t<button id=\"e-n-tab-title-1840376484\" data-tab-title-id=\"e-n-tab-title-1840376484\" class=\"e-n-tab-title\" aria-selected=\"false\" data-tab-index=\"4\" role=\"tab\" tabindex=\"-1\" aria-controls=\"e-n-tab-content-1840376484\" style=\"--n-tabs-title-order: 4;\">\n\t\t\t\t\t\t<span class=\"e-n-tab-title-text\">\n\t\t\t\tDVD 4\t\t\t<\/span>\n\t\t<\/button>\n\t\t\t\t<button id=\"e-n-tab-title-1840376485\" data-tab-title-id=\"e-n-tab-title-1840376485\" class=\"e-n-tab-title\" aria-selected=\"false\" data-tab-index=\"5\" role=\"tab\" tabindex=\"-1\" aria-controls=\"e-n-tab-content-1840376485\" style=\"--n-tabs-title-order: 5;\">\n\t\t\t\t\t\t<span class=\"e-n-tab-title-text\">\n\t\t\t\tDVD 5\t\t\t<\/span>\n\t\t<\/button>\n\t\t\t\t<button id=\"e-n-tab-title-1840376486\" data-tab-title-id=\"e-n-tab-title-1840376486\" class=\"e-n-tab-title\" aria-selected=\"false\" data-tab-index=\"6\" role=\"tab\" tabindex=\"-1\" aria-controls=\"e-n-tab-content-1840376486\" style=\"--n-tabs-title-order: 6;\">\n\t\t\t\t\t\t<span class=\"e-n-tab-title-text\">\n\t\t\t\tDVD 6\t\t\t<\/span>\n\t\t<\/button>\n\t\t\t\t<button id=\"e-n-tab-title-1840376487\" data-tab-title-id=\"e-n-tab-title-1840376487\" class=\"e-n-tab-title\" aria-selected=\"false\" data-tab-index=\"7\" role=\"tab\" tabindex=\"-1\" aria-controls=\"e-n-tab-content-1840376487\" style=\"--n-tabs-title-order: 7;\">\n\t\t\t\t\t\t<span class=\"e-n-tab-title-text\">\n\t\t\t\tDVD 7\t\t\t<\/span>\n\t\t<\/button>\n\t\t\t\t<button id=\"e-n-tab-title-1840376488\" data-tab-title-id=\"e-n-tab-title-1840376488\" class=\"e-n-tab-title\" aria-selected=\"false\" data-tab-index=\"8\" role=\"tab\" tabindex=\"-1\" aria-controls=\"e-n-tab-content-1840376488\" style=\"--n-tabs-title-order: 8;\">\n\t\t\t\t\t\t<span class=\"e-n-tab-title-text\">\n\t\t\t\tDVD 8\t\t\t<\/span>\n\t\t<\/button>\n\t\t\t\t\t<\/div>\n\t\t\t<div class=\"e-n-tabs-content\">\n\t\t\t\t<div id=\"e-n-tab-content-1840376481\" role=\"tabpanel\" aria-labelledby=\"e-n-tab-title-1840376481\" data-tab-index=\"1\" style=\"--n-tabs-title-order: 1;\" class=\"e-active elementor-element elementor-element-a515c48 e-con-full e-flex e-con e-child\" data-id=\"a515c48\" data-element_type=\"container\" data-e-type=\"container\">\n\t\t\t\t<div class=\"elementor-element elementor-element-ca4e930 elementor-widget elementor-widget-text-editor\" data-id=\"ca4e930\" data-element_type=\"widget\" data-e-type=\"widget\" data-widget_type=\"text-editor.default\">\n\t\t\t\t<div class=\"elementor-widget-container\">\n\t\t\t\t\t\t\t\t\t<table><tbody><tr><td><span dir=\"auto\">Introducci\u00f3n a la retenci\u00f3n de guardias<\/span><\/td><td><span dir=\"auto\">0:00 &#8211; 24:00<\/span><\/td><\/tr><tr><td><span dir=\"auto\">Resumen de retenci\u00f3n de guardias<\/span><\/td><td><span dir=\"auto\">24:00 &#8211; 1:16:06<\/span><\/td><\/tr><\/tbody><\/table>\t\t\t\t\t\t\t\t<\/div>\n\t\t\t\t<\/div>\n\t\t\t\t<\/div>\n\t\t<div id=\"e-n-tab-content-1840376482\" role=\"tabpanel\" aria-labelledby=\"e-n-tab-title-1840376482\" data-tab-index=\"2\" style=\"--n-tabs-title-order: 2;\" class=\" elementor-element elementor-element-3f1b607 e-con-full e-flex e-con e-child\" data-id=\"3f1b607\" data-element_type=\"container\" data-e-type=\"container\">\n\t\t\t\t<div class=\"elementor-element elementor-element-cc7a81c elementor-widget elementor-widget-text-editor\" data-id=\"cc7a81c\" data-element_type=\"widget\" data-e-type=\"widget\" data-widget_type=\"text-editor.default\">\n\t\t\t\t<div class=\"elementor-widget-container\">\n\t\t\t\t\t\t\t\t\t<table><tbody><tr><td><span dir=\"auto\">Panorama general: Teor\u00eda general de la retenci\u00f3n de guardias<\/span><\/td><td><span dir=\"auto\">0:00 &#8211; 7:37<\/span><\/td><\/tr><tr><td><span dir=\"auto\">Los dos requisitos m\u00e1s b\u00e1sicos para la retenci\u00f3n de guardias<\/span><\/td><td><span dir=\"auto\">7:37 &#8211; 11:23<\/span><\/td><\/tr><tr><td><span dir=\"auto\">La importancia de la retenci\u00f3n de guardias<\/span><\/td><td><span dir=\"auto\">11:23 &#8211; 20:13<\/span><\/td><\/tr><tr><td><span dir=\"auto\">El pecado imperdonable de retener guardias<\/span><\/td><td><span dir=\"auto\">20:13 &#8211; 26:01<\/span><\/td><\/tr><tr><td><span dir=\"auto\">Las 3 posturas de retenci\u00f3n de guardia<\/span><\/td><td><span dir=\"auto\">26:01 &#8211; 29:46<\/span><\/td><\/tr><\/tbody><\/table>\t\t\t\t\t\t\t\t<\/div>\n\t\t\t\t<\/div>\n\t\t\t\t<\/div>\n\t\t<div id=\"e-n-tab-content-1840376483\" role=\"tabpanel\" aria-labelledby=\"e-n-tab-title-1840376483\" data-tab-index=\"3\" style=\"--n-tabs-title-order: 3;\" class=\" elementor-element elementor-element-127448f e-con-full e-flex e-con e-child\" data-id=\"127448f\" data-element_type=\"container\" data-e-type=\"container\">\n\t\t\t\t<div class=\"elementor-element elementor-element-cf00a45 elementor-widget elementor-widget-text-editor\" data-id=\"cf00a45\" data-element_type=\"widget\" data-e-type=\"widget\" data-widget_type=\"text-editor.default\">\n\t\t\t\t<div class=\"elementor-widget-container\">\n\t\t\t\t\t\t\t\t\t<table><tbody><tr><td><span dir=\"auto\">Primera habilidad para mantener la guardia: Movimiento &#8211; Posici\u00f3n sentada &#8211; Deslizamiento<\/span><\/td><td><span dir=\"auto\">0:00 &#8211; 4:04<\/span><\/td><\/tr><tr><td><span dir=\"auto\">Inversi\u00f3n rodante<\/span><\/td><td><span dir=\"auto\">4:04 &#8211; 8:52<\/span><\/td><\/tr><tr><td><span dir=\"auto\">Robo de cadera<\/span><\/td><td><span dir=\"auto\">8:52 &#8211; 15:46<\/span><\/td><\/tr><tr><td><span dir=\"auto\">Posici\u00f3n supina &#8211; Pesca de camarones<\/span><\/td><td><span dir=\"auto\">15:46 &#8211; 21:55<\/span><\/td><\/tr><tr><td><span dir=\"auto\">Golpes<\/span><\/td><td><span dir=\"auto\">21:55 &#8211; 26:24<\/span><\/td><\/tr><tr><td><span dir=\"auto\">P\u00e9ndulo<\/span><\/td><td><span dir=\"auto\">26:24 &#8211; 29:36<\/span><\/td><\/tr><tr><td><span dir=\"auto\">Tijeras<\/span><\/td><td><span dir=\"auto\">29:36 &#8211; 34:59<\/span><\/td><\/tr><tr><td><span dir=\"auto\">Inversi\u00f3n giratoria<\/span><\/td><td><span dir=\"auto\">34:59 &#8211; 38:06<\/span><\/td><\/tr><tr><td><span dir=\"auto\">Retrocesos<\/span><\/td><td><span dir=\"auto\">38:06 &#8211; 40:59<\/span><\/td><\/tr><tr><td><span dir=\"auto\">Atraco de vuelta<\/span><\/td><td><span dir=\"auto\">40:59 &#8211; 45:41<\/span><\/td><\/tr><tr><td><span dir=\"auto\">Posici\u00f3n de tortuga &#8211; Rotaci\u00f3n de hombros<\/span><\/td><td><span dir=\"auto\">45:41 &#8211; 53:33<\/span><\/td><\/tr><tr><td><span dir=\"auto\">Sesi\u00f3n<\/span><\/td><td><span dir=\"auto\">53:33 &#8211; 58:22<\/span><\/td><\/tr><tr><td><span dir=\"auto\">Uniendo todos los movimientos corporales fundamentales<\/span><\/td><td><span dir=\"auto\">58:22 &#8211; 1:02:57<\/span><\/td><\/tr><\/tbody><\/table>\t\t\t\t\t\t\t\t<\/div>\n\t\t\t\t<\/div>\n\t\t\t\t<\/div>\n\t\t<div id=\"e-n-tab-content-1840376484\" role=\"tabpanel\" aria-labelledby=\"e-n-tab-title-1840376484\" data-tab-index=\"4\" style=\"--n-tabs-title-order: 4;\" class=\" elementor-element elementor-element-d14673d e-con-full e-flex e-con e-child\" data-id=\"d14673d\" data-element_type=\"container\" data-e-type=\"container\">\n\t\t\t\t<div class=\"elementor-element elementor-element-7bf4e07 elementor-widget elementor-widget-text-editor\" data-id=\"7bf4e07\" data-element_type=\"widget\" data-e-type=\"widget\" data-widget_type=\"text-editor.default\">\n\t\t\t\t<div class=\"elementor-widget-container\">\n\t\t\t\t\t\t\t\t\t<table><tbody><tr><td><span dir=\"auto\">Segunda habilidad de retenci\u00f3n de guardia: Encuadre &#8211; Naturaleza y prop\u00f3sito del encuadre<\/span><\/td><td><span dir=\"auto\">0:00 &#8211; 6:40<\/span><\/td><\/tr><tr><td><span dir=\"auto\">Marcos y distancia &#8211; Marco de derecha<\/span><\/td><td><span dir=\"auto\">6:40 &#8211; 10:22<\/span><\/td><\/tr><tr><td><span dir=\"auto\">Marco del antebrazo<\/span><\/td><td><span dir=\"auto\">10:22 &#8211; 14:35<\/span><\/td><\/tr><tr><td><span dir=\"auto\">Marcos de mano trasera<\/span><\/td><td><span dir=\"auto\">14:35 &#8211; 20:58<\/span><\/td><\/tr><tr><td><span dir=\"auto\">Autoencuadre<\/span><\/td><td><span dir=\"auto\">20:58 &#8211; 24:07<\/span><\/td><\/tr><tr><td><span dir=\"auto\">Tercera habilidad de retenci\u00f3n de guardia: romper y anular agarres &#8211; Romper vs. anular<\/span><\/td><td><span dir=\"auto\">24:07 &#8211; 32:45<\/span><\/td><\/tr><tr><td><span dir=\"auto\">Teor\u00eda definitiva de la retenci\u00f3n de guardias &#8211; L\u00edneas de demarcaci\u00f3n<\/span><\/td><td><span dir=\"auto\">32:45 &#8211; 48:38<\/span><\/td><\/tr><\/tbody><\/table>\t\t\t\t\t\t\t\t<\/div>\n\t\t\t\t<\/div>\n\t\t\t\t<\/div>\n\t\t<div id=\"e-n-tab-content-1840376485\" role=\"tabpanel\" aria-labelledby=\"e-n-tab-title-1840376485\" data-tab-index=\"5\" style=\"--n-tabs-title-order: 5;\" class=\" elementor-element elementor-element-afc853a e-con-full e-flex e-con e-child\" data-id=\"afc853a\" data-element_type=\"container\" data-e-type=\"container\">\n\t\t\t\t<div class=\"elementor-element elementor-element-6467e71 elementor-widget elementor-widget-text-editor\" data-id=\"6467e71\" data-element_type=\"widget\" data-e-type=\"widget\" data-widget_type=\"text-editor.default\">\n\t\t\t\t<div class=\"elementor-widget-container\">\n\t\t\t\t\t\t\t\t\t<table><tbody><tr><td><span dir=\"auto\">Conexi\u00f3n<\/span><\/td><td><span dir=\"auto\">0:00 &#8211; 6:26<\/span><\/td><\/tr><tr><td><span dir=\"auto\">5 cosas que tu oponente necesita para superar tu guardia.<\/span><\/td><td><span dir=\"auto\">6:26 &#8211; 20:49<\/span><\/td><\/tr><tr><td><span dir=\"auto\">Herramienta m\u00e1s importante para la retenci\u00f3n de la protecci\u00f3n: la protecci\u00f3n de tijera.<\/span><\/td><td><span dir=\"auto\">20:49 &#8211; 30:59<\/span><\/td><\/tr><tr><td><span dir=\"auto\">Segunda herramienta m\u00e1s importante para la retenci\u00f3n de guardias: el robo de cadera.<\/span><\/td><td><span dir=\"auto\">30:59 &#8211; 36:02<\/span><\/td><\/tr><tr><td><span dir=\"auto\">Tercera herramienta m\u00e1s importante para la retenci\u00f3n de guardias: el robo por la espalda.<\/span><\/td><td><span dir=\"auto\">36:02 &#8211; 38:55<\/span><\/td><\/tr><tr><td><span dir=\"auto\">Cuarta herramienta m\u00e1s importante para la retenci\u00f3n de guardias: el apoyo de potencia.<\/span><\/td><td><span dir=\"auto\">38:55 &#8211; 49:14<\/span><\/td><\/tr><tr><td><span dir=\"auto\">La teor\u00eda de los ciclos de ataque y defensa<\/span><\/td><td><span dir=\"auto\">49:14 &#8211; 1:01:09<\/span><\/td><\/tr><tr><td><span dir=\"auto\">La teor\u00eda de los ciclos de ataque y defensa 2<\/span><\/td><td><span dir=\"auto\">1:01:09 &#8211; 1:05:21<\/span><\/td><\/tr><tr><td><span dir=\"auto\">La importancia cr\u00edtica del control de la cabeza en la retenci\u00f3n de guardias<\/span><\/td><td><span dir=\"auto\">1:05:21 &#8211; 1:17:15<\/span><\/td><\/tr><\/tbody><\/table>\t\t\t\t\t\t\t\t<\/div>\n\t\t\t\t<\/div>\n\t\t\t\t<\/div>\n\t\t<div id=\"e-n-tab-content-1840376486\" role=\"tabpanel\" aria-labelledby=\"e-n-tab-title-1840376486\" data-tab-index=\"6\" style=\"--n-tabs-title-order: 6;\" class=\" elementor-element elementor-element-4121fb0 e-con-full e-flex e-con e-child\" data-id=\"4121fb0\" data-element_type=\"container\" data-e-type=\"container\">\n\t\t\t\t<div class=\"elementor-element elementor-element-9e259ce elementor-widget elementor-widget-text-editor\" data-id=\"9e259ce\" data-element_type=\"widget\" data-e-type=\"widget\" data-widget_type=\"text-editor.default\">\n\t\t\t\t<div class=\"elementor-widget-container\">\n\t\t\t\t\t\t\t\t\t<table><tbody><tr><td><span dir=\"auto\">La teor\u00eda espec\u00edfica de la retenci\u00f3n de guardias<\/span><\/td><td><span dir=\"auto\">0:00 &#8211; 4:20<\/span><\/td><\/tr><tr><td><span dir=\"auto\">Doble paso bajo<\/span><\/td><td><span dir=\"auto\">4:20 &#8211; 13:57<\/span><\/td><\/tr><tr><td><span dir=\"auto\">Paso doble bajo tierra, parte 2<\/span><\/td><td><span dir=\"auto\">13:57 &#8211; 18:10<\/span><\/td><\/tr><tr><td><span dir=\"auto\">Paso doble bajo tierra, parte 3<\/span><\/td><td><span dir=\"auto\">18:10 &#8211; 22:23<\/span><\/td><\/tr><tr><td><span dir=\"auto\">Paso inferior doble, parte 4<\/span><\/td><td><span dir=\"auto\">22:23 &#8211; 25:23<\/span><\/td><\/tr><tr><td><span dir=\"auto\">Uniendo todas las piezas<\/span><\/td><td><span dir=\"auto\">25:23 &#8211; 28:17<\/span><\/td><\/tr><tr><td><span dir=\"auto\">Retenci\u00f3n de pase de guardia por encima y por debajo<\/span><\/td><td><span dir=\"auto\">28:17 &#8211; 38:47<\/span><\/td><\/tr><tr><td><span dir=\"auto\">Retenci\u00f3n de pase de guardia por encima\/debajo 2<\/span><\/td><td><span dir=\"auto\">38:47 &#8211; 43:28<\/span><\/td><\/tr><tr><td><span dir=\"auto\">Retenci\u00f3n de pase de guardia por encima\/debajo 3<\/span><\/td><td><span dir=\"auto\">43:28 &#8211; 50:13<\/span><\/td><\/tr><tr><td><span dir=\"auto\">Retenci\u00f3n de pase de guardia por encima\/debajo 4<\/span><\/td><td><span dir=\"auto\">50:13 +<\/span><\/td><\/tr><\/tbody><\/table>\t\t\t\t\t\t\t\t<\/div>\n\t\t\t\t<\/div>\n\t\t\t\t<\/div>\n\t\t<div id=\"e-n-tab-content-1840376487\" role=\"tabpanel\" aria-labelledby=\"e-n-tab-title-1840376487\" data-tab-index=\"7\" style=\"--n-tabs-title-order: 7;\" class=\" elementor-element elementor-element-370b874 e-con-full e-flex e-con e-child\" data-id=\"370b874\" data-element_type=\"container\" data-e-type=\"container\">\n\t\t\t\t<div class=\"elementor-element elementor-element-2a2e1da elementor-widget elementor-widget-text-editor\" data-id=\"2a2e1da\" data-element_type=\"widget\" data-e-type=\"widget\" data-widget_type=\"text-editor.default\">\n\t\t\t\t<div class=\"elementor-widget-container\">\n\t\t\t\t\t\t\t\t\t<table><tbody><tr><td><span dir=\"auto\">Retenci\u00f3n de pase de guardia de Toreando<\/span><\/td><td><span dir=\"auto\">0:00 &#8211; 8:21<\/span><\/td><\/tr><tr><td><span dir=\"auto\">Retenci\u00f3n del pase de guardia de Toreando 2<\/span><\/td><td><span dir=\"auto\">8:21 &#8211; 12:17<\/span><\/td><\/tr><tr><td><span dir=\"auto\">Retenci\u00f3n del pase de guardia de Toreando 3<\/span><\/td><td><span dir=\"auto\">12:17 &#8211; 17:14<\/span><\/td><\/tr><tr><td><span dir=\"auto\">Retenci\u00f3n del pase de guardia de Toreando 4<\/span><\/td><td><span dir=\"auto\">17:14 &#8211; 19:49<\/span><\/td><\/tr><tr><td><span dir=\"auto\">Retenci\u00f3n del pase de guardia de Toreando 5<\/span><\/td><td><span dir=\"auto\">19:49 &#8211; 24:47<\/span><\/td><\/tr><tr><td><span dir=\"auto\">Retenci\u00f3n del pase de guardia de Toreando 6<\/span><\/td><td><span dir=\"auto\">24:47 &#8211; 26:53<\/span><\/td><\/tr><tr><td><span dir=\"auto\">Retenci\u00f3n de pase de guardia de corte de rodilla<\/span><\/td><td><span dir=\"auto\">26:53 &#8211; 35:14<\/span><\/td><\/tr><tr><td><span dir=\"auto\">Retenci\u00f3n de pase de protecci\u00f3n de rodilla 2<\/span><\/td><td><span dir=\"auto\">35:14 &#8211; 39:32<\/span><\/td><\/tr><\/tbody><\/table>\t\t\t\t\t\t\t\t<\/div>\n\t\t\t\t<\/div>\n\t\t\t\t<\/div>\n\t\t<div id=\"e-n-tab-content-1840376488\" role=\"tabpanel\" aria-labelledby=\"e-n-tab-title-1840376488\" data-tab-index=\"8\" style=\"--n-tabs-title-order: 8;\" class=\" elementor-element elementor-element-26fe6f8 e-con-full e-flex e-con e-child\" data-id=\"26fe6f8\" data-element_type=\"container\" data-e-type=\"container\">\n\t\t\t\t<div class=\"elementor-element elementor-element-cc3ccaf elementor-widget elementor-widget-text-editor\" data-id=\"cc3ccaf\" data-element_type=\"widget\" data-e-type=\"widget\" data-widget_type=\"text-editor.default\">\n\t\t\t\t<div class=\"elementor-widget-container\">\n\t\t\t\t\t\t\t\t\t<div id=\"shopify-section-template--16797142384738__product_template_aXd3Gy\" class=\"shopify-section default-product-template w3_bg\"><section id=\"ProductSection-template--16797142384738__product_template_aXd3Gy\" class=\"product-template__wrapper wrapper w3_bg\"><div class=\"product-main-content w3_bg\"><div class=\"product_description w3_bg\"><div id=\"contents\" class=\"product_course-content w3_bg\"><div class=\"product__course-content-accordion w3_bg\"><div class=\"product__course-content w3_bg\"><figure class=\"table\"><table><tbody><tr><td><span dir=\"auto\">Retenci\u00f3n de arrastre de pierna<\/span><\/td><td><span dir=\"auto\">0:00 &#8211; 7:13<\/span><\/td><\/tr><tr><td><span dir=\"auto\">Retenci\u00f3n de arrastre de pierna 2<\/span><\/td><td><span dir=\"auto\">7:13 &#8211; 9:52<\/span><\/td><\/tr><tr><td><span dir=\"auto\">Retenci\u00f3n de arrastre de pierna 3<\/span><\/td><td><span dir=\"auto\">9:52 &#8211; 13:41<\/span><\/td><\/tr><tr><td><span dir=\"auto\">Retenci\u00f3n de arrastre de pierna 4<\/span><\/td><td><span dir=\"auto\">13:41 &#8211; 15:38<\/span><\/td><\/tr><tr><td><span dir=\"auto\">Retenci\u00f3n de arrastre de pierna 5<\/span><\/td><td><span dir=\"auto\">15:38 &#8211; 20:28<\/span><\/td><\/tr><tr><td><span dir=\"auto\">Retenci\u00f3n de pase de guardia con paso largo<\/span><\/td><td><span dir=\"auto\">20:28 &#8211; 32:15<\/span><\/td><\/tr><tr><td><span dir=\"auto\">El cambio craneal<\/span><\/td><td><span dir=\"auto\">32:15 &#8211; 41:21<\/span><\/td><\/tr><tr><td><span dir=\"auto\">Exposici\u00f3n de la espalda: benigna y destructiva<\/span><\/td><td><span dir=\"auto\">41:21 &#8211; 50:51<\/span><\/td><\/tr><tr><td><span dir=\"auto\">Protecci\u00f3n para la cabeza<\/span><\/td><td><span dir=\"auto\">50:51 &#8211; 55:55<\/span><\/td><\/tr><\/tbody><\/table><\/figure><\/div><\/div><\/div><\/div><\/div><\/section><\/div><div id=\"shopify-section-template--16797142384738__rebuy_bundle_widget_VyRrz3\" class=\"shopify-section dynamic-bundle-rebuy w3_bg\"><section class=\"wrapper w3_bg\"><div class=\"w3_bg\" data-rebuy-id=\"210832\" data-rebuy-shopify-product-ids=\"3923765395554\" data-initialized=\"true\"><div id=\"rebuy-widget-210832\" class=\"rebuy-widget page-width widget-type-dynamic-bundle is-visible\"><div class=\"rebuy-widget-container widget-display-embed is-visible\">\u00a0<\/div><\/div><\/div><\/section><\/div>\t\t\t\t\t\t\t\t<\/div>\n\t\t\t\t<\/div>\n\t\t\t\t<\/div>\n\t\t\t\t\t<\/div>\n\t\t<\/div>\n\t\t\t\t\t\t<\/div>\n\t\t\t\t<\/div>\n\t\t\t\t\t<\/div>\n\t\t\t\t<\/div>\n\t\t\t\t<\/div>\n\t\t","protected":false},"excerpt":{"rendered":"<p>DVD 1 DVD 2 DVD 3 DVD 4 DVD 5 DVD 6 DVD 7 DVD 8 Introducci\u00f3n a la retenci\u00f3n [&hellip;]<\/p>\n","protected":false},"featured_media":10172,"template":"","meta":[],"product_brand":[],"product_cat":[48],"product_tag":[],"class_list":{"0":"post-10171","1":"product","2":"type-product","3":"status-publish","4":"has-post-thumbnail","6":"product_cat-john-danaher","8":"entry","9":"has-media","11":"first","12":"instock","13":"shipping-taxable","14":"product-type-external","15":"col","16":"span_1_of_3","17":"owp-content-center","18":"owp-thumbs-layout-horizontal","19":"owp-btn-normal","20":"owp-tabs-layout-horizontal","21":"has-no-thumbnails"},"_links":{"self":[{"href":"https:\/\/jitsupedia.com\/index.php\/wp-json\/wp\/v2\/product\/10171","targetHints":{"allow":["GET"]}}],"collection":[{"href":"https:\/\/jitsupedia.com\/index.php\/wp-json\/wp\/v2\/product"}],"about":[{"href":"https:\/\/jitsupedia.com\/index.php\/wp-json\/wp\/v2\/types\/product"}],"version-history":[{"count":4,"href":"https:\/\/jitsupedia.com\/index.php\/wp-json\/wp\/v2\/product\/10171\/revisions"}],"predecessor-version":[{"id":10177,"href":"https:\/\/jitsupedia.com\/index.php\/wp-json\/wp\/v2\/product\/10171\/revisions\/10177"}],"wp:featuredmedia":[{"embeddable":true,"href":"https:\/\/jitsupedia.com\/index.php\/wp-json\/wp\/v2\/media\/10172"}],"wp:attachment":[{"href":"https:\/\/jitsupedia.com\/index.php\/wp-json\/wp\/v2\/media?parent=10171"}],"wp:term":[{"taxonomy":"product_brand","embeddable":true,"href":"https:\/\/jitsupedia.com\/index.php\/wp-json\/wp\/v2\/product_brand?post=10171"},{"taxonomy":"product_cat","embeddable":true,"href":"https:\/\/jitsupedia.com\/index.php\/wp-json\/wp\/v2\/product_cat?post=10171"},{"taxonomy":"product_tag","embeddable":true,"href":"https:\/\/jitsupedia.com\/index.php\/wp-json\/wp\/v2\/product_tag?post=10171"}],"curies":[{"name":"wp","href":"https:\/\/api.w.org\/{rel}","templated":true}]}}